-13 + y. Suppose -5*p + 94 - 22 = w*n, 5*n - 90 = p. What is the units digit of n?
8
Suppose 5*n - 4*i = -193, 41*n - 5*i + 26 = 40*n. Let o = 422 + n. What is the hundreds digit of o?
3
Suppose 4*z + 16896 = k, 13*k + 2*z - 33842 = 11*k. What is the tens digit of k?
1
Let s = -406 + 410. What is the units digit of 2 - 12*(-3 - (s - -17))?
0
Suppose 3*l - 5252 = t, 3*l + 4*t = t + 5268. Suppose l + 367 = 13*g. What is the tens digit of g?
6
Let u(i) = 952*i**3 - 26*i**2 + 97*i + 1. What is the tens digit of u(3)?
6
Let c = 44 - 49. Let h be 2/c - (-84)/10. Suppose -5*l = -2*s - 5, s + h = -4*l + 25. What is the units digit of s?
5
Let o(a) = 3*a - 12. Let y be o(4). Suppose y = -2*g + 4*q + 17 + 9, -3*g = 2*q + 1. What is the units digit of 30/(-20)*2/g + 82?
1
Let u(t) = t**3 - 11*t**2 + 5*t + 11. Let k be (-45)/6*48/(-9). Suppose 0 = 5*c - 5, -4*b + c + 3*c + k = 0. What is the tens digit of u(b)?
6
What is the units digit of 6/(-11) + 336245/55?
3
Suppose -5049 = -11*g + 2*g. Suppose 0 = -9*n - 24*n + g. What is the units digit of n?
7
Let x(m) = 7*m + 20. Let j be (-4 + (-36)/(-4))*(-11)/(-5). What is the tens digit of x(j)?
9
Let g(c) = 516*c**3 + 10*c - 1040*c**3 - c - 6*c**2 + 523*c**3 + 12 + 17*c**2. What is the units digit of g(9)?
5
Let u(y) be the first derivative of -7*y**2/2 - 4*y - 19. Let c be u(-2). What is the tens digit of 88/c*(-3 + 13)?
8
Suppose 2*b + 3*w = 18, 3*b + w - 13 = -0*w. Let u be (-10)/15*9 + 9. Suppose -2*n = -u*d + 82, 4*n = b*d + 3*n - 86. What is the units digit of d?
0
Let j(f) = -2*f - 30. Suppose -s - 16 = 2*i, 0*i - 2*s = 2*i + 16. Let o be j(i). What is the tens digit of -102*(o/3)/7?
6
Let b(w) = 9*w**2 + 7*w + 15. Let i be b(-4). Suppose 0 = 5*l + 4*f - 240 - i, -12 = -3*f. What is the units digit of l?
1
Let c be (-1012)/66 - (-1)/3. What is the tens digit of 164038/210 + 2/c?
8
Let l(c) = -c**3 + 7*c**2 + 2*c - 9. Let s be l(7). Suppose -k = -s*f - 38, f = 3*f - 2*k + 12. What is the units digit of (-172)/f*(3 - 1)?
3
Let m = -4795 - -7957. Suppose -2*i + m = 2*r, 0 = -5*r + 6*i - 5*i + 7887. What is the hundreds digit of r?
5
Let j be ((-2)/4)/((-8)/32). Suppose -y + 564 = -2*a - j*a, -2*y + 1156 = -a. What is the hundreds digit of y?
5
Suppose 15*m - 377 = -3*p + 16*m, 4 = m. What is the tens digit of p + (-5 - (-6 - -4))?
2
Let z(d) = 18*d**2 + 34*d + 123. What is the hundreds digit of z(-3)?
1
Let x(n) = 159*n**3 + 18*n**2 - 117*n - 18. What is the units digit of x(5)?
2
Suppose 5*j = -2*i + 21, 3*j = 3*i + 6*j - 18. Suppose 0*d - 1092 = -4*d + 2*t, 3*d + i*t = 828. Let k = 534 - d. What is the hundreds digit of k?
2
Suppose 20*f = 4*m - 4956, -5*m + 1943 = 5*f - 4462. What is the thousands digit of m?
1
Suppose 0 = -5*t + 4*h + 19135, 2*t + 3*h - 788 = 6889. What is the units digit of t?
1
Suppose 29*u = 30*u, -22722 = -3*p + u. Suppose p = 248*s - 241*s. What is the units digit of s?
2
Let y(o) = -o**3 - 17*o**2 + 25*o + 25. Let u be y(-20). Let h = u - 110. What is the hundreds digit of h?
6
Let b be (-3)/(9/12)*(-28)/16. Let k(i) = 10*i**2 - 2*i + 21. What is the units digit of k(b)?
7
Let j(w) = 2*w**3 - 110*w**2 - 37*w - 339. What is the ten thousands digit of j(58)?
1
Suppose -2*m + 0 + 4 = 3*k, 3*m - 6 = -5*k. Suppose 6*v + k*v - 252 = 0. What is the tens digit of v?
4
Let f(y) = -y**2 + 13*y - 1. Let o be f(9). Let k = 16 - o. Let u = k - -29. What is the units digit of u?
0
Let l = -838 - -1466. Suppose -6*q + l = -74. What is the units digit of q?
7
Let m = -90 - -93. Suppose 4*r - m*n + 139 = 1079, -5*n = -20. What is the tens digit of r?
3
Let x(c) = -c**3 - c**2 + c - 3. Suppose -12*r = -16*r - 20. Let w be x(r). Suppose 91*f = w*f - 151. What is the hundreds digit of f?
1
Let u(j) = 2*j**2 - 23*j + 21. Let s be u(16). Suppose 0 = 6*p - 513 - s. What is the tens digit of p?
1
Suppose 18 = -4*b + 3*x + 1, 0 = -5*b + 5*x - 15. What is the units digit of b/(-40) + 618/10?
2
Suppose -j + 3*l = -5*j + 15, -3*j + 2*l - 10 = 0. Suppose j*s + 2*s - 989 = -5*v, -2*v + 10 = 0. What is the tens digit of s?
8
Suppose -3*o + o - 4*k + 2 = 0, -o = -k - 7. Suppose -1715 = -o*m - 0*m. Suppose -2*g = -a - 222, 5*g - 4*a - m = 2*g. What is the tens digit of g?
0
Let w(k) = -2*k**2 - 19*k - 50. Let l be w(19). What is the units digit of l/(-11) + 4/(-1)?
9
Let g be (-14)/(-3)*((-5)/10 + 2). Suppose -u + 3 = g. What is the tens digit of (u - -3 - 0)*-47?
4
Suppose -7*a + 90 = -2*a. Suppose -4*f = -14 - a. Suppose 0*q - 536 = -f*q. What is the tens digit of q?
6
Suppose -13*y = -29007 + 1629. Suppose 12*i = -i + y. What is the units digit of i?
2
Let w(o) = -10096*o + 125. What is the thousands digit of w(-2)?
0
Suppose -w + 1 - 37 = 0. What is the units digit of (6/w*446)/((-1)/6)?
6
Let h(w) = -23*w**3 + 3*w**2 - 20*w - 23. Let c be h(-5). Let b = c - 1619. What is the thousands digit of b?
1
Let h(r) = -3*r**2 + 11*r - 6. Let o be h(5). Let d(x) = 2*x + 65. Let j be d(-8). Let l = o + j. What is the units digit of l?
3
What is the tens digit of (-12)/8*((-42)/(-14) + -6013)?
1
Let j(v) = -505*v + 3547. What is the tens digit of j(0)?
4
Let y = -163 - -268. Suppose -11*n + 8*n = -y. Suppose -n*f + 30*f = -355. What is the tens digit of f?
7
Suppose -6001 + 43465 = 28*x. What is the units digit of x?
8
What is the tens digit of (12/14)/((-234)/(-5450718))?
6
Suppose 15*c - 3*c - 68508 = -6*c. What is the tens digit of c?
0
Let g be (-3 - (-108)/28)*14. Suppose -s + g = -2*p, 0 = -5*s + 3*p - 0*p + 25. Suppose -f + 78 = s*f. What is the tens digit of f?
2
Let x = 20483 + -8515. What is the hundreds digit of (30/4)/(88/x)?
0
Let z = 324 - 323. Let c(l) = 422*l**3 + l**2 - 10*l + 9. What is the tens digit of c(z)?
2
Let p(l) = -2*l**3 - 27*l**2 - 35*l + 15. Let d be p(-12). Suppose 0*g - 867 = -2*a - 5*g, d*g - 1287 = -3*a. What is the tens digit of a?
2
Suppose 0 = -0*w + 3*w + 5*k + 16, 3*k + 24 = 3*w. Let c(j) = 22*j - 3*j + w - 2. What is the units digit of c(2)?
9
Let s = -16820 + 27938. What is the tens digit of s?
1
Let r(s) = 8*s**2 + 17*s - 338. What is the hundreds digit of r(-56)?
7
Suppose -4*s - 5*b - 195 = 0, 4*s = -4*b + b - 205. Let v be (18/(-15))/(33/s). Suppose -v*l = -3*m + 347, 4*m - 58 - 406 = 2*l. What is the tens digit of m?
1
Let v = -50083 - -79938. What is the tens digit of v?
5
Let o be (-12)/(-16) + 42/8. Suppose 4*y - 2 = o. What is the tens digit of (y + -1)/(6/120)?
2
Suppose -2*f + f + 11 = 5*k, -4*f + 8 = 2*k. What is the units digit of f/3*(-5 - -242)?
9
Let u(v) be the third derivative of v**6/120 - 3*v**5/20 + 7*v**4/4 + 10*v**3/3 + 29*v**2. What is the hundreds digit of u(13)?
2
Let b = -4269 + 9519. What is the hundreds digit of b?
2
What is the units digit of (2 + -13 + 3)*(-15487)/4?
4
Suppose -12 = -42*y + 36*y. Suppose -18*k - 488 = -2*c - 19*k, -1220 = -5*c + y*k. What is the hundreds digit of c?
2
Let j(y) = 7*y + 13. Let w = -39 + 45. Let c be 76/12 - 2/w. What is the units digit of j(c)?
5
Suppose -5*x + 4*f = -287 - 442, -4*f - 133 = -x. Suppose 181 + x = 3*y - t, 0 = -5*t. What is the hundreds digit of y?
1
Suppose 0 = -18*y + 344 - 254. Suppose -5*u - y*v + 1142 = -2*v, -u = -v - 222. What is the tens digit of u?
2
Let c = 45331 + -22231. What is the hundreds digit of c?
1
Suppose 169*m - 147*m - 436206 = 321650. What is the thousands digit of m?
4
Let j(r) = -9164*r - 831. What is the units digit of j(-6)?
3
Let y(f) = -f**3 - 8*f**2 - 14*f - 12. Let c be y(-6). Suppose c = -9*d + 10*d. What is the units digit of 136/((-16)/(-4)) + d?
4
Suppose 0 = 5*b - 455 - 230. Suppose 0 = f - 268 + b. What is the hundreds digit of f?
1
Suppose -2*g + 14 = -3*x, -2*g + 5*g + 2*x = 8. Let n be 6/21 - (g - (-188)/(-28)). Suppose 80 = s + z, n*z - 7*z = 8. What is the tens digit of s?
8
Let d be 0 + ((-12)/(-10))/((-8)/(-20)). Suppose -2*s = -0*s + 2*t + 4, -5*t = -d*s + 10. What is the hundreds digit of (-2)/2*-161 + (0 - s)?
1
Suppose -3*v - 5*l + 4 = -0*l, -24 = -4*v - 2*l. Let j be v*53 - (-16)/16. Suppose 3*y - j = -2*y. What is the tens digit of y?
8
What is the hundreds digit of 44556/3 - ((5 - 12)/7)/(-1)?
8
Let l be (-20)/(-15) - (-14)/3. Suppose -7*n - l*n = -4030. Suppose 5*y - n = 310. What is the hundreds digit of y?
1
Suppose -2550 = -13*v + 10*v. Sup